mon divisor of z and q.
1
Let c = -33 - -12. Let x = 29 + c. Suppose 0 = 5*t - 158 + x. Calculate the greatest common divisor of t and 15.
15
Suppose 8 = a - 18. Let n(j) be the third derivative of 7*j**5/30 - j**3/6 + 3*j**2. Let s be n(1). What is the highest common factor of s and a?
13
Suppose 121 = 3*q - 5*c, -q = -2*q - 2*c + 44. Calculate the greatest common divisor of 182 and q.
14
Let w(o) = o**3 + 10*o**2 - 5*o + 8. Let h be w(-6). Suppose 50*m - 196 = 36*m. Calculate the highest common factor of h and m.
14
Suppose 4*b - 248 - 91 = 5*h, 15 = 3*h. Calculate the greatest common divisor of b and 104.
13
Let c(v) = v + 92. Let d be c(0). Let j(p) = -2*p**3 - 2*p**2 - p - 6. Let o be j(-2). Suppose o*b = d + 60. What is the greatest common factor of 95 and b?
19
Suppose 6*p = 3*p + 12. Suppose 2*z + 208 = p*z. Let a = 29 - 16. Calculate the highest common factor of a and z.
13
Let l be 112 - ((-60)/(-8))/(-15)*-8. Suppose -60 = -4*d - d. Calculate the highest common factor of l and d.
12
Let x = -785 + 977. Calculate the highest common factor of 6 and x.
6
Let b be (-3273)/15 - 8/(-40). Let n = -141 - b. What is the highest common divisor of n and 7?
7
Suppose -5*j + 27 = 2*q, -18 = -2*q + 3*j + j. Suppose -38*a + 39*a = 33. Calculate the highest common divisor of q and a.
11
Let p(w) = -2*w**3 + 7*w**2 + 5*w - 5. Let r be 1*8 - (5 + -3). Let m be p(r). Let g = 227 + m. What is the greatest common factor of g and 9?
9
Let z be (-2)/4*2 - (-1 + -5). Suppose 5*q + 2*m = -0*m + 994, 2*q + z*m = 406. Calculate the highest common factor of 18 and q.
18
Suppose -4*g = 5*x - 91, -20 = -2*x - 5*g + 13. Let d = 17 - x. Let p = d - -8. Calculate the highest common divisor of p and 6.
6
Let t(y) = -2*y**3 - 2*y**2 + y - 2. Let x be t(-2). Suppose x*b + 66 = 322. What is the highest common factor of b and 96?
32
Let d(a) = -a**3 + 0*a**3 + 12*a + 7 + 20*a**2 - 21*a**2. Let z be d(-7). Suppose -3*q - q = -124. Calculate the greatest common divisor of q and z.
31
Suppose q - 2 = -2*r, q - 4 = -q - 5*r. Suppose 2*l = q*m + 236, -4*l + 317 + 160 = m. Calculate the highest common divisor of 34 and l.
17
Let h(v) = 7*v**3 + 2*v**2. Let q be h(2). Let f = -45 + 47. Suppose 2*d + f*d - 64 = 0. Calculate the greatest common factor of q and d.
16
Let z(u) = -u**3 - 7*u**2 - 11*u + 5. Suppose 0 = 4*o + 12, 4*o - 3*o - 3 = l. Let h be z(l). Calculate the highest common factor of h and 5.
5
Let s(x) = x**2 - 7. Let w be s(-7). What is the highest common divisor of 98 and w?
14
Let j = 295 + -175. Calculate the highest common divisor of 50 and j.
10
Suppose -271 = -t + 2*m, -32*t + 5*m = -31*t - 280. What is the highest common factor of t and 159?
53
Let i = -431 - -437. What is the greatest common factor of 99 and i?
3
Let k = -122 + 104. Let p = -5 + 1. Let w be 4*k/p*1. What is the highest common divisor of w and 9?
9
Let d be 7/(-1)*144/8. Let v = -82 - d. Calculate the highest common factor of 66 and v.
22
Let s be 3698/8 - (-476)/272. What is the highest common divisor of s and 145?
29
Suppose -i + 8 = 2*r - 8, 4*i - 40 = 4*r. Suppose -i - 52 = -m. Let c be ((-18)/12)/((-3)/m). Calculate the greatest common factor of 4 and c.
4
Suppose -5*q + 8 = 3*r - r, 4 = r + 4*q. Let w be 5*r + 5 + -7. Suppose -3*h = -3*g - w, -3*g = 3*h - 4*g - 14. Calculate the highest common factor of h and 32.
4
Let d(y) = -7*y - 49. Let l be d(-9). Calculate the greatest common factor of l and 147.
7
Let s = -77 - -122. Let l = -101 - -106. What is the greatest common divisor of l and s?
5
Let a(j) = 5*j + 21*j + 2 - 4*j. Let y be a(4). Let d be (-60)/(-8)*(1 - -1). What is the greatest common divisor of d and y?
15
Let m(p) = 7*p + 29. Let g be m(-3). What is the highest common factor of 344 and g?
8
Let b(y) = -3*y**3 + 6*y**2 - 5*y + 2. Let c be b(3). Let p = c - -48. Suppose -5*g + 295 = 95. What is the greatest common divisor of p and g?
8
Let o(g) = -g**2 - 8*g - 1. Let d be o(-5). Let a be -1 + d + -3 + 5. Let l = a + -13. Calculate the greatest common factor of 4 and l.
2
Let z(k) = k**3 + 2*k**2 - 5*k - 4. Let j = 12 + -15. Let u be z(j). Suppose u*d - 89 = 191. What is the greatest common factor of d and 28?
28
Suppose 0 = -56*f + 61*f - 130. Calculate the greatest common factor of 806 and f.
26
Suppose 2 = -r + 3*r. Suppose -n + 16 = r. Let z = n + -13. Calculate the greatest common divisor of z and 2.
2
Let n(t) be the second derivative of 32*t**4/3 + 2*t**3/3 + t**2 - t + 1. Let b be n(-1). What is the greatest common factor of b and 42?
42
Let f = -121 + 169. Suppose -u = 3*u - 4*l - f, 0 = u + 4*l - 32. Calculate the greatest common divisor of 64 and u.
16
Let a(f) = 6*f - 16. Let c be a(5). Let x = -10 - -38. What is the highest common factor of c and x?
14
Suppose -37 = -5*a + 2*j - 9, -4*a + j = -20. Suppose 0 = -5*x - 5*s + 150, 3*x = -2*x + a*s + 114. Calculate the highest common factor of x and 208.
26
Let i = -3 + 1. Let l be 1/(5/(1 - -19)). Let d be i*l/(-1) + -3. What is the highest common divisor of 10 and d?
5
Let m(p) = -15*p**3 - p - 1. Let s be m(-1). Let v = 201 + -36. Calculate the highest common divisor of s and v.
15
Suppose 44*k - 4*s = 41*k + 988, 5*s - 697 = -2*k. What is the highest common factor of 21 and k?
21
Suppose 0 = -w - 0 + 11. Let d(p) = 8*p - 9. Let s(z) = z**3 - 6*z**2 + 8*z - 7. Let m be s(5). Let o be d(m). What is the highest common divisor of o and w?
11
Let r be 2 + 0/7 + (102 - -1). Suppose -r = -9*a + 30. Calculate the highest common factor of 75 and a.
15
Let b(f) = -3*f**3 + 7*f**2 + 4*f + 3. Let a be b(-2). Calculate the highest common factor of a and 423.
47
Let w = 9 + -1. Suppose -3*t + w*t = 5*o - 45, -4*t - 26 = -3*o. Calculate the highest common factor of o and 15.
5
Suppose r = -r + 10. Let m(o) = -o**3 - 7*o**2 - 4*o + 17. Let j be m(-7). What is the highest common divisor of j and r?
5
Let q = 16 - 18. Let n be (q - 1)/(45/(-570)). What is the greatest common factor of n and 418?
38
Let k be (2/4)/((-16)/(-288)). Let m be ((-28)/6)/(k/(-27)). What is the highest common divisor of m and 126?
14
Let u be 2*(44/2 - 1). Let p = u - 0. Let q be 1/(30/4) + 352/(-180)*-3. Calculate the greatest common divisor of q and p.
6
Let o = -229 + 391. What is the greatest common divisor of o and 18?
18
Suppose -3*x = -158 - 238. Suppose -46 = 4*m - 3*o + 482, -3*o + x = -m. Let q be (m/(-30))/((-2)/(-100)). What is the greatest common divisor of 20 and q?
20
Let t = -1024 - -1614. Calculate the greatest common factor of t and 10.
10
Suppose p + 4*v + 12 = 0, 4*v = -5*p - 6 - 22. Let m be (4/(-8) - p)/(1/12). Calculate the highest common divisor of 28 and m.
14
Let b(n) = 5*n**2 - 63*n - 38. Let w be b(17). Calculate the highest common divisor of 84 and w.
84
Suppose l - 5*l + 64 = 0. Let y be ((-10)/(-115) - (-480)/828)*3. What is the highest common factor of l and y?
2
Let f be -4 + 4 + 1 + 1. Suppose f*k = 49 + 79. Let b be (-6)/(1/(32/(-12))). Calculate the greatest common divisor of k and b.
16
Let b be -4 - (5 + (-6 - 1)). Let f be b/(-10) - 124/(-5). Calculate the greatest common divisor of f and 5.
5
Let q be (-6)/10 - (-10824)/40. Calculate the highest common factor of q and 10.
10
Let f = 304 + -289. Calculate the highest common factor of 6 and f.
3
Let a = -63 - -63. Suppose 5*v - 10 = 0, -2*y + a*v = 3*v - 26. What is the highest common factor of y and 50?
10
Let b(n) = n**2 - 9*n - 10. Let d be b(7). Let a = -15 - d. What is the highest common factor of 6 and a?
3
Let w = 1361 + -1334. Calculate the highest common factor of w and 504.
9
Suppose -51 = -3*a - 3*s, 0 = -2*a + 5*s - 0*s - 1. Suppose -231 = -4*v + 3*p, 6*p - 3*p + 51 = v. Calculate the greatest common divisor of v and a.
12
Suppose k = 9*k - 816. Suppose 4*j - k = j. Let n(w) = -10*w**3 - 4*w**2 - 2*w - 2. Let t be n(-3). Calculate the highest common factor of t and j.
34
Suppose 3*o + 23 = -61. Let j = o + 34. What is the highest common divisor of 4 and j?
2
Let t(z) = z**3 - 13*z**2 + 6*z - 14. Let k be t(16). Suppose 4*v - k = 5*i, 5*v - 226 = 3*i + 830. What is the highest common divisor of v and 30?
30
Let j = 185 + -25. What is the highest common divisor of j and 40?
40
Let w(a) = -4*a + 270. Let i be w(0). Calculate the highest common factor o